pose 4*i - 2*x - 20 = -5*x, p*i - 3*x - 20 = 0. Let t(g) = g**3 - 5*g**2 - g + 8. What are the prime factors of t(i)?
3
Let k(x) = 331*x + 788. What are the prime factors of k(0)?
2, 197
Suppose -588 = 2*f - 2*m - 38, 4*f + 1085 = -m. Let v = f - -688. What are the prime factors of v?
2, 13
Suppose -7*o + 5*o + 2*d = -6428, -9658 = -3*o - 5*d. List the prime factors of o.
2, 3, 67
Let z be ((-12)/14)/(-3) - (-19)/7. Suppose 2*f + 2 = z*f. Suppose 5*j + t - 288 = 0, 0 = -j + f*j + t - 60. List the prime factors of j.
3, 19
Let a be (-108)/45*15/(-9). Suppose -3*x + 735 = 3*f, -136 = -a*f - x + 850. What are the prime factors of f?
13, 19
Suppose -5 = -5*p + 5*s, -3*p + 10 - 3 = -s. What are the prime factors of -19*p*296/(-12)?
2, 19, 37
Suppose -484*r + 448694 = -23282310. List the prime factors of r.
49031
Suppose -m - 57 + 71 = 0. Suppose 0 = 9*v - 32 + m. Suppose -v*i + 73 = q, 0 = 5*q + 4*i + i - 365. What are the prime factors of q?
73
Suppose 6 = c - 0*c. Let k be (c/(-4))/(1/(-2)) + 1. Suppose -j = -k*j + 258. List the prime factors of j.
2, 43
Suppose 129*a - 218*a + 1845059 = 0. What are the prime factors of a?
20731
Suppose 66 - 99 = -3*u. Let h(o) = -o**3 + 15*o**2 + 6*o - 15. Let d be h(u). Suppose 2*t = 4*x - x - d, 12 = 3*t. List the prime factors of x.
181
Suppose -26905 - 30135 = -8*j. What are the prime factors of j?
2, 5, 23, 31
Suppose -362*w = -110*w - 6556032. List the prime factors of w.
2, 3, 271
Let r(b) = 18*b - 5. Let c(v) = 7*v - 13. Let f be c(5). Suppose 0 = 17*w - f*w + 20. List the prime factors of r(w).
67
Let o = -410 + 413. Suppose -2*v - 1281 = -o*z + 3*v, -5*v - 2125 = -5*z. What are the prime factors of z?
2, 211
Let m(o) = 9*o**2 + 5*o**2 + 16 + 0*o**3 + 5*o + o**3. Let r(b) = -2*b**2 - 22*b + 347. Let v be r(-20). List the prime factors of m(v).
2, 3, 5
Let o = 38 - 30. Suppose o*p = 12*p - 3304. What are the prime factors of p?
2, 7, 59
Suppose 0 = 10*a - 6*a - 2976. Suppose -a = -5*p - o + 3*o, -p + 4*o = -156. What are the prime factors of p?
2, 37
Suppose 51*x + 52*x - 33*x - 547960 = 0. What are the prime factors of x?
2, 19, 103
Suppose 94*v + 815364 = 181*v. What are the prime factors of v?
2, 3, 11, 71
Let f(h) = 127*h**2 + 101*h + 11. List the prime factors of f(-17).
79, 443
Let x = 7257 - 719. What are the prime factors of x?
2, 7, 467
Let n = -13 + 37. Let m be 88/n + (5/(-3) - -1). Suppose -4*w - 3*t + 550 = 0, 4*w - m*w - 5*t = 149. What are the prime factors of w?
139
Let p = 17507 - 167. List the prime factors of p.
2, 3, 5, 17
Let b(s) = 15*s**2 + 111*s - 1742. What are the prime factors of b(26)?
2, 7, 13, 31
List the prime factors of 555960/(-36)*(12/8 + -3).
5, 41, 113
Let z be (3 + -19)*12/(-8). Suppose 2*y - 4*y + z = 3*i, 13 = i - y. Suppose -i*u + 524 = -116. What are the prime factors of u?
2
Suppose 1406 = 5*c - 514. Let m = c + -254. Suppose -5*j + 3*n = -357, 2*j = -n - n + m. List the prime factors of j.
3, 23
Let n(b) be the first derivative of -b**2/2 + 17*b + 4. Let x be n(21). List the prime factors of (-94)/x*2 - 2.
3, 5
Suppose -46216 = -43*h + 32173. List the prime factors of h.
1823
Let h(s) = -s**3 + 15*s**2 - 6*s - 36. Let q be h(12). Let v = q - 227. Suppose 91*w + 1344 = v*w. List the prime factors of w.
2, 7
Let s = 5837 - 8341. Let k = -1477 - s. What are the prime factors of k?
13, 79
Suppose 71*w = 74*w - 33. Suppose 0 = w*b - 1571 + 438. What are the prime factors of b?
103
Let c(j) = 26*j**2 + 472*j + 57. What are the prime factors of c(-29)?
3, 5, 61
Let r be 7/42 + 125/6. Suppose -13*u + 10*u = -r. Let o(b) = 4*b**2 + b - 10. What are the prime factors of o(u)?
193
What are the prime factors of (-3699930)/(-210) - -30 - 2/(-7)?
3, 37, 53
Let u = -1951 - -1948. Let q(s) = -5*s + s + 3*s**2 + s - 1. List the prime factors of q(u).
5, 7
Let x = -136 - -56. Let g be (-463)/3 + (-2)/3. What are the prime factors of (-2)/(g/x - 2)?
2
Suppose 175*r - 3782958 - 2183504 = -986137. What are the prime factors of r?
149, 191
Let w = 118659 + -56847. List the prime factors of w.
2, 3, 17, 101
Suppose 5*i + q - 13396 = 0, 25*q - 13398 = -5*i + 22*q. What are the prime factors of i?
3, 19, 47
Let u(i) = -572*i**2 - 3*i - 1. Let y(p) = 858*p**2 + 4*p + 2. Let o(x) = -8*u(x) - 5*y(x). List the prime factors of o(1).
2, 3
Let x(s) = 0 - 84*s + 116*s - 1. Let k(m) = -32*m + 2. Let q(c) = -4*k(c) - 3*x(c). What are the prime factors of q(3)?
7, 13
Let z(g) = 34*g**3 - 4*g**2 - 2*g + 6. Suppose -4*r + 22 = 5*f, -5 = 2*f - r - 6. List the prime factors of z(f).
2, 3, 43
Suppose -4*z = 2*o - 6, 5*o + 12 = 5*z + 6*o. Suppose -2*v + 2 = -4. Suppose 3*c + 228 = z*u + c, -4*c = v*u - 210. List the prime factors of u.
2, 37
Let c(y) = 50*y - 98. Let j be c(21). Suppose -53*m - j = -57*m. What are the prime factors of m?
2, 7, 17
Let k(s) = -s - 6. Suppose -3*m + 5*l = 39, 0*m = -m + 4*l - 20. Let a be k(m). Suppose -2*n - 224 = -a*h, 5*h - 2*h - n - 328 = 0. List the prime factors of h.
2, 3
Suppose 11*o - 1379105 = -31*o + 224707. List the prime factors of o.
2, 61, 313
Let c(o) = -12057*o - 432. What are the prime factors of c(-1)?
3, 5, 31
Suppose -o + 367944 = 23*o. List the prime factors of o.
15331
Suppose 110*w - 9454691 - 3194184 = -3197235. What are the prime factors of w?
2, 21481
Let u(k) = 216*k**2 - 5*k. Let c be u(-4). Suppose -19*y + c + 4694 = 0. What are the prime factors of y?
2, 5, 43
Let a = -257 - -276. Suppose v + 4*d - a = 943, 2*v = -3*d + 1944. List the prime factors of v.
2, 3, 163
Suppose 0 = -131*b + 114*b + 117657. What are the prime factors of b?
3, 769
Suppose 133603 + 3177 = 35*n. List the prime factors of n.
2, 977
Let v(a) = 6*a**2 + 9*a - 10. Let k be ((-6)/3)/((-3)/(7 + -1)). What are the prime factors of v(k)?
2, 61
Suppose 0*a = -9*a + 9126. What are the prime factors of a?
2, 3, 13
Suppose 25*u = 29*u + 11676. Let a be (u/(-35) - -4) + (-4)/10. What are the prime factors of (196/(-42))/((-2)/a)?
7, 29
Let t(y) = 502*y - 1264. What are the prime factors of t(22)?
2, 3, 5, 163
Suppose 27*x - 8644 = -3*n + 28*x, 5*x = -3*n + 8638. List the prime factors of n.
43, 67
Let z(b) = 29*b**3 + 3*b**2 - 8*b. Let w be z(2). Let u(d) = -10*d**2 - 2*d + 4. Let q be u(3). Let r = q + w. What are the prime factors of r?
2, 17
Suppose 2*v - 53 = n, -3*n - 3*v = 2*v + 137. Let i = 44 + n. What are the prime factors of ((8/(-6))/2)/(i/270)?
2, 3
Suppose 8 = 4*z, 9*d - 6 = 4*d - 3*z. Suppose d*a - 1090 = -a + 3*h, -3*a - 2*h = -3325. List the prime factors of a.
5, 13, 17
Let c(f) = 8*f**3 + 10*f**2 - 9*f + 1. Let j be c(6). Suppose s + p = -s - 801, 5*s - 4*p = -j. What are the prime factors of (-2)/18*s - 14/(-63)?
3, 5
Let t be (-20)/(-8) - 2/4. Suppose -t*c - 2*c = -c. What are the prime factors of (75/(-2) + c)/((-45)/60)?
2, 5
What are the prime factors of -3 + 117/45 + 27297/5?
53, 103
Let p = 422 - 363. Suppose -p*a = -57*a - 1602. List the prime factors of a.
3, 89
Let v = -64 - -69. Suppose 5*z - 27 + 6 = -y, -v*z = -3*y - 17. List the prime factors of ((-1656)/(-3))/4 + z.
2, 71
Let m = -1 + 13. Let i(q) = q**2 + 13*q + 29. Let y be i(-16). Suppose m = -4*x, -x = 4*v - y - 308. List the prime factors of v.
97
Let p be (9/(-4))/(51/1496). Let w = -60 - p. Let s(g) = 9*g**2 - 6*g - 5. What are the prime factors of s(w)?
283
Suppose -21 = -3*d + 3*i, 17 = 2*d + 3*i - 6*i. Let x(k) = -k**2 + 5*k - 8. Let m be x(d). List the prime factors of 216/3 - (m - -7).
3, 23
Suppose -2*o + 26006 = w, 161*w - 158*w = 4*o + 78078. List the prime factors of w.
2, 13009
Let i = 1518 - -3771. What are the prime factors of i?
3, 41, 43
Let g(z) = z**2 + 17*z. Let d be g(-17). Suppose -1640 = -5*r - d*r. Suppose t + 2*t + 5*c - 251 = 0, 0 = 4*t + 5*c - r. What are the prime factors of t?
7, 11
Let d = 32626 + 1330. List the prime factors of d.
2, 13, 653
Let b(w) = -3*w + 21. Let n be b(5). Suppose -n*a + 256 = -362. Let j = a + -52. List the prime factors of j.
3, 17
Suppose t + 3*q = 578, 26*q = 2*t + 24*q - 1188. List the prime factors of t.
2, 5, 59
Suppose -137*d = 9*d + 132*d - 11349628. What are the prime factors of d?
2, 137, 149
What are the prime factors of (-6 - -66)/(9/1650)?
2, 5, 11
Let h = 957 - -6624. List the prime factors of h.
3, 7, 19
Let y(h) = 7*h - 